s the hundred thousands digit of 239631?
2
What is the hundred thousands digit of 2255445?
2
What is the hundreds digit of 1966666?
6
What is the hundred thousands digit of 1048518?
0
What is the hundred thousands digit of 2992781?
9
What is the millions digit of 8359941?
8
What is the thousands digit of 30614641?
4
What is the hundreds digit of 1000657?
6
What is the ten thousands digit of 25430147?
3
What is the thousands digit of 1370883?
0
What is the units digit of 13642659?
9
What is the hundred thousands digit of 2195999?
1
What is the tens digit of 4198749?
4
What is the ten thousands digit of 13807975?
0
What is the hundred thousands digit of 16976607?
9
What is the ten thousands digit of 240570?
4
What is the tens digit of 583502?
0
What is the units digit of 274428?
8
What is the thousands digit of 5484394?
4
What is the tens digit of 11624125?
2
What is the hundreds digit of 8113378?
3
What is the hundred thousands digit of 133892?
1
What is the hundred thousands digit of 174465?
1
What is the units digit of 20606464?
4
What is the hundreds digit of 1024951?
9
What is the millions digit of 9471662?
9
What is the hundred thousands digit of 10450374?
4
What is the tens digit of 3342377?
7
What is the hundreds digit of 543264?
2
What is the units digit of 290170?
0
What is the thousands digit of 234639?
4
What is the units digit of 292672?
2
What is the ten thousands digit of 19394500?
9
What is the ten thousands digit of 835253?
3
What is the hundreds digit of 2199031?
0
What is the units digit of 3889661?
1
What is the hundreds digit of 2044662?
6
What is the units digit of 310640?
0
What is the units digit of 209478?
8
What is the thousands digit of 1082199?
2
What is the ten millions digit of 14643245?
1
What is the hundred thousands digit of 882565?
8
What is the hundreds digit of 1736460?
4
What is the tens digit of 6748409?
0
What is the ten thousands digit of 767777?
6
What is the hundreds digit of 64356?
3
What is the hundreds digit of 35414?
4
What is the hundreds digit of 2864394?
3
What is the hundred thousands digit of 123133?
1
What is the tens digit of 3899422?
2
What is the tens digit of 643569?
6
What is the ten thousands digit of 17770574?
7
What is the tens digit of 5959166?
6
What is the tens digit of 221606?
0
What is the hundreds digit of 609924?
9
What is the ten thousands digit of 5037035?
3
What is the ten thousands digit of 646251?
4
What is the tens digit of 45721?
2
What is the tens digit of 1621032?
3
What is the hundred thousands digit of 7926622?
9
What is the units digit of 159657?
7
What is the hundreds digit of 3293156?
1
What is the tens digit of 27334?
3
What is the hundreds digit of 237986?
9
What is the ten thousands digit of 11465622?
6
What is the millions digit of 16793990?
6
What is the thousands digit of 30903823?
3
What is the ten thousands digit of 284649?
8
What is the thousands digit of 82997?
2
What is the tens digit of 416546?
4
What is the units digit of 9173975?
5
What is the hundred thousands digit of 304738?
3
What is the hundreds digit of 2382076?
0
What is the ten thousands digit of 3028058?
2
What is the millions digit of 27782433?
7
What is the hundreds digit of 8134809?
8
What is the hundreds digit of 2212084?
0
What is the units digit of 1364639?
9
What is the hundred thousands digit of 3157382?
1
What is the ten thousands digit of 7343353?
4
What is the thousands digit of 5641792?
1
What is the tens digit of 756408?
0
What is the tens digit of 15355185?
8
What is the hundreds digit of 47311?
3
What is the thousands digit of 146488?
6
What is the hundreds digit of 12043325?
3
What is the thousands digit of 3232568?
2
What is the units digit of 50802?
2
What is the ten thousands digit of 351790?
5
What is the ten thousands digit of 7640956?
4
What is the tens digit of 5283780?
8
What is the hundreds digit of 5357667?
6
What is the hundred thousands digit of 3511798?
5
What is the tens digit of 720749?
4
What is the ten thousands digit of 303128?
0
What is the hundreds digit of 8335296?
2
What is the hundreds digit of 727998?
9
What is the thousands digit of 1181866?
1
What is the tens digit of 699643?
4
What is the millions digit of 1184696?
1
What is the hundreds digit of 183419?
4
What is the units digit of 200182?
2
What is the tens digit of 25867?
6
What is the thousands digit of 54562?
4
What is the hundred thousands digit of 1195618?
1
What is the ten thousands digit of 4634961?
3
What is the hundreds digit of 377114?
1
What is the millions digit of 3553577?
3
What is the hundreds digit of 131679?
6
What is the units digit of 8170?
0
What is the ten thousands digit of 25953?
2
What is the tens digit of 321428?
2
What is the hundreds digit of 389644?
6
What is the millions digit of 3517054?
3
What is the hundreds digit of 1565170?
1
What is the ten thousands digit of 4240803?
4
What is the ten millions digit of 12263817?
1
What is the thousands digit of 9177203?
7
What is the ten thousands digit of 284696?
8
What is the hundreds digit of 76184?
1
What is the millions digit of 1817226?
1
What is the ten thousands digit of 4440445?
4
What is the hundreds digit of 17931147?
1
What is the tens digit of 278058?
5
What is the millions digit of 13226392?
3
What is the millions digit of 23168057?
3
What is the units digit of 6925014?
4
What is the millions digit of 9546527?
9
What is the hundreds digit of 674454?
4
What is the hundred thousands digit of 8251928?
2
What is the units digit of 397982?
2
What is the thousands digit of 4773687?
3
What is the hundred thousands digit of 367713?
3
What is the millions digit of 2860562?
2
What is the ten thousands digit of 3587038?
8
What is the units digit of 13333?
3
What is the millions digit of 2688444?
2
What is the units digit of 8466463?
3
What is the units digit of 19187463?
3
What is the millions digit of 11870355?
1
What is the tens digit of 407115?
1
What is the ten thousands digit of 1278593?
7
What is the hundred thousands digit of 2561228?
5
What is the thousands digit of 57438?
7
What is the millions digit of 9190689?
9
What is the units digit of 645231?
1
What is the hundreds digit of 215250?
2
What is the units digit of 836103?
3
What is the thousands digit of 2262601?
2
What is the hundreds digit of 12008983?
9
What is the hundred thousands digit of 6515063?
5
What is the thousands digit of 2207601?
7
What is the hundreds digit of 292676?
6
What is the hundreds digit of 362957?
9
What is the ten thousands digit of 24131?
2
What is the hundreds digit of 2810725?
7
What is the units digit of 5460760?
0
What is the hundreds digit of 700602?
6
What is the thousands digit of 37875?
7
What is the millions digit of 14601286?
4
What is the hundreds digit of 131823?
8
What is the ten thousands digit of 8045322?
4
What is the tens digit of 2959113?
1
What is the units digit of 36194?
4
What is the thousands digit of 7216094?
6
What is the hundreds digit of 105366?
3
What is the hundreds digit of 403655?
6
What is the units digit of 3275971?
1
What is the thousands digit of 193510?
3
What is the hundred thousands digit of 377980?
3
What is the thousands digit of 38098?
8
What is the units digit of 2513944?
4
What is the tens digit of 26508958?
5
What is the units digit of 715381?
1
What is the millions digit of 7494090?
7
What is the ten thousands digit of 10569889?
6
What is the ten thousands digit of 3119348?
1
What is the units digit of 208073?
3
What is the ten thousands digit of 3484975?
8
What is the millions digit of 2152894?
2
What is the ten thousands digit of 2674828?
7
What is the tens digit of 238240?
4
What is the tens digit of 1743609?
0
What is the thousands digit of 9048528?
8
What is the tens digit of 2755041?
4
What is the ten thousands digit of 3220139?
2
What is the hundred thousands digit of 3955449?
9
What is the hundred thousands digit of 2265147?
2
What is the tens digit of 4409518?
1
What is the hundreds digit of 8761770?
7
What is the hundred thousands digit of 7758381?
7
What is the ten thousands digit of 17663753?
6
What is the tens digit of 146469?
6
What is the tens digit of 7756?
5
What is the ten thousands digit of 1587277?
8
What is the tens digit of 1780209?
0
What is the ten thousands digit of